). Suppose -l = -c*l + 156. What is the units digit of l?
9
Suppose 10*f - 306 = f. Let z = f + 42. What is the units digit of z?
6
Let a = 103 - -481. What is the tens digit of a?
8
Let f(l) = -13*l**2 - 13*l - 6. Let h be f(-7). Let z be 18/2*h/9. What is the tens digit of 1/(-3*4/z)?
4
Let b(a) = -4*a + 3. Suppose 2*f - 6 + 10 = 0. What is the tens digit of b(f)?
1
Suppose 0 = v - 3*v + 90. Suppose 0 = -0*o + 2*o - 4. Suppose 0*q + v = o*q - h, 30 = q - 2*h. What is the tens digit of q?
2
Let c(u) = 21*u. Let p be 4/(-12)*(-2 + 3/(-3)). What is the units digit of c(p)?
1
Let n = -21 - -35. Suppose 11*f - n*f = -108. What is the units digit of f?
6
Let c be (-11 + -4)/((-9)/6). Let k be (-4)/c + 47/5. What is the units digit of (27/4)/(k/36)?
7
Let k(o) = 11*o**2 - 69*o**2 + 9*o + 3 + 20 - o**2. Let u(g) = 20*g**2 - 3*g - 8. Let t(b) = -6*k(b) - 17*u(b). What is the units digit of t(-1)?
5
Suppose -g + 35 = 3*q - 0*g, 5*g - 31 = -3*q. What is the units digit of 123*1 + q + -8?
7
Let z(d) = -119*d - 328. What is the tens digit of z(-19)?
3
Suppose -a + 2410 = 4*o + 100, o - 3*a = 571. What is the hundreds digit of o?
5
Let n = 2154 + -712. What is the tens digit of n?
4
Suppose -9*d = -8 + 26. What is the units digit of (5 + 56)*(-6)/d + 4?
7
What is the tens digit of 2*(596/11 + (-8)/44)?
0
Let m be (0/14)/(-1 + 0). Let q be (-4)/(m + 3/(-51)). Let w = q - 32. What is the units digit of w?
6
Let t = 274 + -45. Suppose -2*w + 51 + 392 = 3*j, t = w - j. What is the units digit of w?
6
Suppose -3*c = v - 725, 3*v = -2*v - 5*c + 3605. What is the units digit of v?
9
What is the units digit of (-74)/111*(-6579)/6?
1
Let w be (-16)/8*4 - (-1 - -1). Let a(q) be the third derivative of q**6/120 + 2*q**5/15 - q**4/12 + 2*q**3/3 + q**2. What is the tens digit of a(w)?
2
Let u(s) = -s + 28. Let p(i) = -i - 1. Let j(x) = 3*p(x) + u(x). What is the units digit of j(6)?
1
Let u(v) = v**3 + v**2 - 3*v - 3. Let g be u(-2). Let n = -34 - -68. Let t = g + n. What is the tens digit of t?
3
Let c(x) = -4*x**3 - x + 1. Suppose 2*g + 4 = -0. What is the tens digit of c(g)?
3
Suppose 2*k - 1320 = -2*f, 8*k - 6*k + 3265 = 5*f. What is the tens digit of f?
5
Suppose 3*l = 5*t + 293, l + 4*l - 511 = -3*t. Suppose -4*z + 163 + l = 0. What is the tens digit of z?
6
Suppose 9*x - 9221 = -2903. What is the hundreds digit of x?
7
Let o(k) = k - 5. Suppose -2*z + 2*f - 3 = 1, -31 = -2*z - 5*f. Let p be o(z). What is the units digit of 57/12 - p/8?
5
Let h = 2596 - 631. What is the hundreds digit of h?
9
Suppose 11*s = 7*s - 64. What is the hundreds digit of 4/32 - 3406/s?
2
What is the thousands digit of (-38)/(-76) + ((-3035)/(-2))/1?
1
Let i be 376 - -9 - (0 + 3). Suppose 34 = -4*d + i. What is the tens digit of d?
8
Suppose 2*b = 7*b + 15. Let g be 22/b*(5 - 2). Let d = g - -34. What is the tens digit of d?
1
Let u = -60 - -64. Suppose -u*m + 2*j + 379 = m, j - 148 = -2*m. What is the tens digit of m?
7
Suppose 230 = 2*n + 3*x, -n + 5*x + 77 = -38. Suppose -59 - n = -2*k. What is the tens digit of k?
8
Let i be (12/(-30))/(2/(-660)). What is the hundreds digit of (i/1)/((-17)/(-34))?
2
Suppose -63*k = 10*k - 234768. What is the units digit of k?
6
Let k(u) = -u**2 - 3*u + 1. Let r(l) = -l**2 + 2. Let z be r(0). Suppose 0*o = -z*o - 6. What is the units digit of k(o)?
1
Suppose 21*a + 34706 = 58*a. What is the tens digit of a?
3
What is the units digit of (-1)/(100583/10059 - 10)?
7
Let a(l) = l**2 - 4*l - 2. Let u be a(4). Let s(r) = -6*r - 7. Let f(o) = 24*o + 30. Let p(m) = 2*f(m) + 9*s(m). What is the units digit of p(u)?
9
Let z(n) = 1327*n - 18. What is the hundreds digit of z(1)?
3
Let d(y) = 5*y**3 - 3*y**2 - 2*y - 1. Let z be d(-3). Let w = z + 304. What is the units digit of w?
7
Let m(q) = -7*q**2 + 4. Let p be m(-3). Let t = -34 - p. Let c = 39 - t. What is the units digit of c?
4
Suppose 20236 = 4*m + 5*i, m - 5050 = 21*i - 20*i. What is the tens digit of m?
5
Let r = -23 - -16. Let i = r + 7. What is the units digit of (-3 + i)/((-1)/3)?
9
Suppose 7*f + 45*f - 159016 = 0. What is the thousands digit of f?
3
Let w(x) = 59*x**2 - 10*x + 22. What is the tens digit of w(4)?
2
Let u = -7 - -12. Suppose 2*l - u*y - 179 = 0, -4*y + 3*y + 185 = 2*l. What is the tens digit of (39/12 - 3)*l?
2
Let m = 5 + -7. Let z be (81 + 2)*(-2)/m. Suppose 5*r + z = 223. What is the units digit of r?
8
Let b = -887 - -2055. What is the hundreds digit of b?
1
Suppose -4*i - 6*i - 290 = 0. Suppose 0 = -3*t + 4*l - 67 + 19, -5*t = l + 103. Let w = t - i. What is the units digit of w?
9
Let w(k) = 5*k**2 - 4*k - 2. Let d(t) = t**2 - t. Let c(v) = -3*d(v) + w(v). What is the units digit of c(3)?
3
Let g(m) = 4*m. Let v(k) = k**3 + 5*k**2 - 5*k + 8. Let x be v(-6). Suppose 3*w = -2*h + 3, -3*h - x*w + 17 = -0. What is the tens digit of g(h)?
3
Let g = 324 - 155. Suppose 5*r = -h + 3*h + 190, 5*h = 4*r - g. What is the units digit of r?
6
Let l(s) = 253*s**2 - 6*s - 4. What is the hundreds digit of l(-2)?
0
Suppose -5*t + 5*s = -3498 - 2547, 3*t - 3647 = -2*s. What is the tens digit of t?
1
Let t be 2 - (-28)/(-4) - -2. Let d be (21/(-2))/(t/(-4)). What is the units digit of d/(-6)*3 + 2?
9
Suppose 0 = 5*o - 14*o + 4518. What is the units digit of o?
2
Suppose 0 = 55*k + 52*k - 369364. What is the units digit of k?
2
Let i(j) = 3*j + 9. Let p be i(6). Suppose -p = 5*m - 492. What is the units digit of m?
3
Let c(l) = l**2 + 12. Suppose 3*g - 6*g + 21 = 0. What is the tens digit of c(g)?
6
Suppose -3*r = -3*f, 0 = -f - 2*f + 15. Suppose 21 = -r*c + 96. What is the tens digit of c?
1
Let d = -646 - -6985. What is the thousands digit of d?
6
Let l = -196 - -117. What is the tens digit of 32/16 - (-1 + l)?
8
Let x = 28 + -32. Let j be ((-6 - x) + 0)*-2. Suppose 0 = o + j*z - 49, -o = -4*o - 2*z + 187. What is the tens digit of o?
6
Let k = -2285 + 4414. What is the units digit of k?
9
Let r(t) = -t**3 + 19*t**2 - 16*t - 1. Let b(y) = -6 + 2*y - 10*y + 0*y. Let x be b(-3). What is the tens digit of r(x)?
3
Let l be -4 + (0 - 9/(-1)). Suppose l*i - 95 = -3*h, -3*h + 2*i = -2*h - 50. What is the units digit of h?
0
Let h be (-5)/(-20) + (-1)/4. Suppose i - 3*i + 12 = h. What is the units digit of 2*(-21)/(-36)*i?
7
Let i(t) = -2*t**3 + 12*t**2 - 7*t - 11. Let k be i(6). Let r = -46 - k. What is the units digit of r?
7
Let g(o) = -o**2 + 1. Let i be g(-1). Let t = i + -6. Let n = t + 19. What is the units digit of n?
3
Let a(h) = -6*h**3 - 9*h**2 - 5*h. Let b(z) = 5*z**3 + 8*z**2 + 4*z. Let p = 10 + -6. Let o(r) = p*a(r) + 5*b(r). What is the units digit of o(-2)?
8
Let f(o) be the second derivative of -o**3/6 + 5*o**2/2 + 2*o. Suppose -x = 3*z + 17, -5*x + 5 = -2*z - z. What is the units digit of f(z)?
0
Let n(a) = 10 + 12*a - 3 + 0*a. Let r be n(4). Let k = 99 - r. What is the units digit of k?
4
Let p = 104 - 27. What is the tens digit of p?
7
Suppose 0 = 5*k - 2*k - 2865. What is the hundreds digit of k?
9
Let k be (-4)/18 + 2274/27. Suppose -4*q = -5*u - k, -2*u - 60 = -5*q - 7*u. What is the units digit of q?
6
Let r(k) = k**3 + 3*k**2 - 3*k - 9. What is the units digit of r(5)?
6
Suppose 0*m + 2*c - 1614 = 5*m, 0 = -2*m - 2*c - 640. What is the tens digit of (2*3)/((-28)/m)?
6
Suppose -4*k = -3*k. Suppose y - 3 - 2 = k. What is the units digit of y?
5
Let d(x) = 2*x**3 - 10*x**2 + 6*x + 2. Let k be d(6). Let h = k - 78. Let j = 41 - h. What is the units digit of j?
9
Let l(d) = -d + 19. Let c be 15*((-4)/8 - 2/4). What is the units digit of l(c)?
4
Suppose 0*f + 2*f - 106 = 0. Let q = f + -33. Suppose 2*s + q = 106. What is the tens digit of s?
4
Suppose -o = 3*i - 17059, 0 = -28*i + 32*i + 2*o - 22746. What is the thousands digit of i?
5
Suppose y - 353 = -2*u, -151 = 3*y + 5*u - 1212. Let d = 507 - y. What is the hundreds digit of d?
1
Let q = -1852 - -2467. What is the units digit of q?
5
Suppose -5*m = -0*m + 10. What is the tens digit of 0 - (-82 - m - 2)?
8
Suppose 6*m = m + 30. Let z(v) = v - 2. Let n be z(7). Suppose -n*u = -3*u - m. What is the units digit of u?
3
Suppose -4*a - 4*w + 0*w + 236 = 0, -w - 127 = -2*a. Suppose 0 = 3*m - 7*m - 2*y + 28, -2*m = 2*y - 12. Suppose -5*p + m = -a. What is the units digit of p?
4
Let i be (-748)/(-66) - 1/3. Let a be 9/18*(i + 1). Sup